 (-6)/8?
2, 53
Suppose 0*r + 6 = -2*r. Let c(q) = 7*q**2 - 8*q - 2. Let y be c(r). Let a = -29 + y. List the prime factors of a.
2, 7
List the prime factors of 30/(-210) + 12540/21.
3, 199
Suppose 20 = -s + 3*s. Suppose s + 2 = 3*b. Suppose 5*h = -5*g + 34 + 16, -4*g - 32 = -b*h. What are the prime factors of h?
3
List the prime factors of 1526*3/54 + (-62)/(-279).
5, 17
Let w(p) = 3*p**3 - 22*p**2 + 6*p + 8. List the prime factors of w(10).
2, 7, 31
Let b(i) = -i**2 + 23*i - 27*i - 7 + 17*i. Let s be b(12). Suppose 0 = l - h + 1, -4*l - h + 6 + s = 0. What are the prime factors of l?
2
Let w(i) = 118*i - 7. Let z be w(10). List the prime factors of z/18 + (0 + 2)/(-12).
5, 13
What are the prime factors of (-6 + (-1533)/(-14))*2?
3, 23
Suppose 21126 = -20*s + 41*s. List the prime factors of s.
2, 503
Let b(z) = -z**3 - 7*z**2 - 3*z + 18. Let f be b(-6). What are the prime factors of (1 - (-37)/1) + f?
2, 19
Let x be 0 + -3 + 151 + 2. Let c be x/2*6/18. Suppose c*z = 26*z - 29. What are the prime factors of z?
29
Suppose w = 2*n + 30, 0 = -3*w + 2*w - 4*n + 24. Let r = w - 11. List the prime factors of r.
17
Suppose 0*k - 160 = -5*k. Suppose -r + 14 = -k. List the prime factors of r.
2, 23
What are the prime factors of (-5 + (576 - (2 + 0)))*1?
569
Let y(p) = -5*p - 1. Let d be y(-2). Suppose h = -d*h + 860. What are the prime factors of h?
2, 43
Suppose -4*j = -5*j + 4. Suppose -5*k + 5 = 0, 2*k - j = -3*l - 2*k. Suppose x + x - 68 = l. What are the prime factors of x?
2, 17
Let d = -5861 + 10662. List the prime factors of d.
4801
Suppose -45 = -p + 6*p. Let f = 22 + p. List the prime factors of f.
13
List the prime factors of (351 + -13)*(-21)/(-6).
7, 13
Let w = -53 + 53. Suppose -5*f + 0*f = -255. Suppose -3*y + 3*o + 18 = w, 4*y = 5*o - 10*o + f. List the prime factors of y.
3
Let r(y) = 5*y + 11. Let d be r(-6). Let t = 87 + d. List the prime factors of t.
2, 17
Let s = 498 - 105. What are the prime factors of s?
3, 131
List the prime factors of (-8 + 12389/(-65))*5/(-1).
3, 331
List the prime factors of 10 - -253 - 1 - (11 + -3).
2, 127
Suppose 4*f = 5*p - 2*p - 5, -2*p = f - 7. Suppose 0 = p*o - 202 + 4. Let x = o - 40. What are the prime factors of x?
2, 13
Let h be (1 + (1 - 3))*-18. Let f = h + -15. Suppose -s = -13 + f. List the prime factors of s.
2, 5
List the prime factors of 175340/132 - (10/(-6) + 2).
2, 83
Suppose -17*l + 75966 = 16*l. List the prime factors of l.
2, 1151
Let n = 275 + -193. Let x = n + -49. What are the prime factors of x?
3, 11
Suppose 3*s - 996 = -3*j, 249 + 1061 = 4*j - 2*s. What are the prime factors of j?
7, 47
Let y = 256 - 90. Suppose 261 + y = 7*b. Suppose -b = -5*n + 39. What are the prime factors of n?
2, 5
Let p(c) = -2*c**2 - 2*c + 5. Let h be p(0). Suppose 4*v = -2*x + h*x, 0 = -2*x - 5*v. Let r(z) = z**3 - z + 47. What are the prime factors of r(x)?
47
Suppose 3*d = 3*c - 15, 0 = -5*c + 5*d - 10*d + 25. Let o = -3 + c. Suppose -7 = -o*v + 19. What are the prime factors of v?
13
Suppose -k + 637 + 387 = -r, 0 = -2*k - 5*r + 2034. List the prime factors of k.
2, 7, 73
Suppose 0*t - 2*o = 3*t - 453, -5*t + 755 = o. What are the prime factors of t?
151
Suppose -4*b + 6062 = -2*z, b + 3*z + 0*z - 1498 = 0. List the prime factors of b.
17, 89
Let j(p) = 36*p + 167 - 104 - 113. List the prime factors of j(5).
2, 5, 13
Suppose 0 = t + 37 + 49. Let i = 166 - t. List the prime factors of i.
2, 3, 7
Suppose 2*d - 2*u + 38 = 0, -71 + 23 = 2*d - 4*u. What are the prime factors of (-619)/(-7) - (-6)/d?
2, 11
Let k(s) = 6*s**2 + s - 1. Let i(u) = 7*u**2 + u - 1. Let a(f) = -5*i(f) + 6*k(f). List the prime factors of a(-9).
71
Let x be 6/(-4)*(-288)/(-27). Let u = x - -36. Let z = 43 - u. List the prime factors of z.
23
Let s be (4 + (-33)/9)*-12 - -119. Suppose -4*o + s = 3*f, 6*f + 105 = 5*o + 2*f. What are the prime factors of o?
5
List the prime factors of ((-3291)/(-9))/(30/90).
1097
Suppose 0 = 4*h - 12, 2*n - 5 = h - 4. Suppose 3*s = -n*f + 23, -4*f + 3*s = -7 - 48. Suppose -q = -27 - f. What are the prime factors of q?
2, 5
Let k be -1*((-4 - -2) + 13). Let v = 32 + k. List the prime factors of v.
3, 7
Suppose -2*h = -0*h - 132. Suppose 0*u + x + 100 = 3*u, 4*x = u - 26. Let f = h - u. What are the prime factors of f?
2
What are the prime factors of ((-10)/5 - -743)*(-4)/(-3)?
2, 13, 19
Let y = -8 + 12. Let s be 66/15 - y/10. List the prime factors of 1/s - (-93)/12.
2
Suppose 5*f - 15 = -5. Suppose -4*q = -f*q + 2. Let t = q - -6. What are the prime factors of t?
5
Let c(u) = u**2 + 5*u - 79. Let v be c(7). Suppose -v*z + 960 = -3*o, 2*o - 5*o = -3*z + 582. What are the prime factors of z?
3, 7
Let y(b) = -b - 9. Let t be y(-11). Suppose p + 5 = t. List the prime factors of ((-3)/(-6))/(p/(-294)).
7
Let p(s) = 27*s**3 + 2*s**2 - 2*s - 2. Let t be ((-128)/224)/((-2)/7). List the prime factors of p(t).
2, 109
Suppose 3*w + 4*f + 157 = 0, 0 = 2*f + 3*f + 5. Let g = w - -112. What are the prime factors of g?
61
Let c = 71 + -66. Let b(g) = 3*g**2 + 5*g - 29. List the prime factors of b(c).
71
Let g = -60 - -1015. List the prime factors of g.
5, 191
Let q(v) = -3*v**3 - 14*v**2 - 4*v - 17. List the prime factors of q(-6).
151
Let u = 16 - 22. Let p = u - -4. List the prime factors of ((-9)/(-6))/((-1)/p).
3
Let x be 4/(1 + -1 + -1). Let w(q) = q**2 + 5*q + 4. Let t be w(x). Suppose 5*u + t*u - 130 = 0. List the prime factors of u.
2, 13
Let w be (-18)/30 + 112/(-5). Let a = 55 + w. Suppose c + 9 - a = 0. What are the prime factors of c?
23
Let d be -5 - (-126)/24 - 14/(-8). Suppose -3*q - 219 = -4*b, 5*b - 291 = -0*b - d*q. What are the prime factors of b?
3, 19
Let j(c) = c - 4. Suppose -o - 4*o + 10 = 0. Suppose 5*u - 101 = 2*a - 21, 5*a = o*u - 53. List the prime factors of j(u).
2, 5
Suppose -4*a + 120 = -2*a. Suppose 3*l - 2 + 15 = -2*c, 5*c = -2*l - a. What are the prime factors of 1/(0 - 1/c)?
2, 7
Let z = 1151 - 773. What are the prime factors of z?
2, 3, 7
Let j be 5/2*(-1430)/(-25). Let z = -110 + j. List the prime factors of z.
3, 11
Let n(h) = 6*h**2 + 16*h + 4. List the prime factors of n(7).
2, 5, 41
Suppose 3*t + 24 = q, q - t + 0 = 18. Suppose -j = -0*j - q. List the prime factors of j.
3, 5
Suppose 0 = 3*d - 5*d + 760. Suppose -5*f + 0*f + d = 0. List the prime factors of f.
2, 19
Let q(u) = u - 2. Let n be q(-14). Let o(s) = s**2 + 14*s + 4. Let a be o(n). Suppose -194 = -5*m + a. What are the prime factors of m?
2, 23
Let y = 36 - 11. Let o be (-10)/y*(-10 - 0). Suppose 0 = -2*t - o*b + 42, 2*b = -3 + 5. What are the prime factors of t?
19
Let w be (-1)/(-2) - (-27)/(-18). Let c be w/((-4)/40 + 0). What are the prime factors of 136/c + (-2)/(-5)?
2, 7
Suppose 6*c + 234 = 3*c. Let u = c - -167. List the prime factors of u.
89
Let g = -942 + 2471. What are the prime factors of g?
11, 139
Suppose t - 5*t = -20. Let n(j) = 7*j**2 + 5*j + 14. Let r be n(-6). Suppose 0*s - 2*o = t*s - r, -4*s + 194 = -o. List the prime factors of s.
2, 3
Let g = 70 - 57. Suppose g*l - 957 - 603 = 0. What are the prime factors of l?
2, 3, 5
Suppose 3*m + 9*h = 1941, -1208 - 793 = -3*m + 3*h. List the prime factors of m.
2, 331
Suppose 114*x = 105*x + 8073. What are the prime factors of x?
3, 13, 23
Suppose 4184 = 21*t - 3313. What are the prime factors of t?
3, 7, 17
Let a(x) = 350*x**2 + x - 2. List the prime factors of a(-2).
2, 349
Let l(v) = 24*v**3 - v**2 + v. Let x(j) = -j - 5. Let s be x(-5). Suppose -5*r = 4*a - 0*a - 19, s = -3*a + r. List the prime factors of l(a).
2, 3
Let r(n) = 45*n**2 - 3*n + 1. Suppose 0 = -5*i - 15, 2*i = 2*g - 1 - 9. List the prime factors of r(g).
5, 7
Let u(k) = 6*k**3 + k - 2. Let p be (-1 - (-4 + 2))/1. Let z be u(p). Suppose -2*r + y = -113, 0 = -r + z*y - 3*y + 61. What are the prime factors of r?
5, 11
What are the prime factors of (-2)/1 + (2 - -4562) - 1?
4561
Suppose -3*d - d - 8 = 0. Let v(u) = -26*u + 14. Let i(o) = 9*o - 5. Let f(m) = 11*i(m) + 4*v(m). List the prime factors of f(d).
11
Let x be 80/(-3) - (-5)/(-15). Let h = -16 - x. Suppose -d = -10 - h. List the prime factors of d.
3, 7
Let u = 43 + 63. Let b be 2 + u/((-10)/(-5)). Suppose 4*r = -0*r + 2*k + 220, k - b = -r. What are the prime factors of r?
5, 11
Let s(a) = 191*a - 330. What are the prime fac